{"id":8821,"date":"2021-03-18T11:03:00","date_gmt":"2021-03-18T11:03:00","guid":{"rendered":"https:\/\/www.ernest-turc.com\/boutique\/boutique\/dahlia-nain-simple-sienna-black-bio\/"},"modified":"2026-02-12T10:26:30","modified_gmt":"2026-02-12T10:26:30","slug":"dahlia-nain-simple-sienna-black-bio","status":"publish","type":"product","link":"https:\/\/www.ernest-turc.com\/boutique\/produits\/bulbes\/fleurs\/dahlia\/fleurs-simples\/dahlia-nain-simple-sienna-black-bio\/","title":{"rendered":"Dahlia Nain Simple Sienna &#038; Black Bio"},"content":{"rendered":"<h1>Le Dahlia nain simple Sienna and Black Bio<\/h1>\n<h2>une explosion de couleurs pour \u00e9gayer votre jardin !<\/h2>\n<p>Le Dahlia nain simple Sienna and Black Bio est une vari\u00e9t\u00e9 p\u00e9tillante, offrant des fleurs resplendissantes d&#8217;environ 9 cm de diam\u00e8tre. D&#8217;un magnifique orange vermillon lumineux, elles sont sublim\u00e9es par un feuillage et des tiges presque noirs, cr\u00e9ant un contraste saisissant. S\u00e9lectionn\u00e9e pour sa couleur \u00e9clatante, cette cr\u00e9ation d&#8217;Ernest Turc atteint une hauteur de 70 cm et \u00e9voque le coquelicot lorsque le soleil vient illuminer ses p\u00e9tales pendant l&#8217;\u00e9t\u00e9.<\/p>\n<p>\u00c0 l&#8217;image des Dahlias &#8216;<a href=\"https:\/\/www.ernest-turc.com\/boutique\/produits\/bulbes\/fleurs\/dahlias\/fleurs-simples\/dahlia-nain-simple-sienna-black-bio\/\">Bright and Black<\/a>&#8216;, &#8216;<a href=\"https:\/\/www.ernest-turc.com\/boutique\/produits\/bulbes\/saison\/ete\/dahlia-nain-simple-nirvana-bio\/\">Nirvana<\/a>&#8216; ou encore &#8216;<a href=\"https:\/\/www.ernest-turc.com\/boutique\/produits\/bulbes\/fleurs\/dahlias\/fleurs-simples\/dahlia-nain-simple-pampa-bio\/\">Pampa<\/a>&#8216;, le contraste entre ses fleurs et son feuillage permet de composer des massifs originaux. Il est \u00e9galement id\u00e9al pour sublimer vos balcons et terrasses si vous pr\u00e9f\u00e9rez le cultiver dans un grand pot.<\/p>\n<p>Dot\u00e9 d&#8217;un c\u0153ur apparent charg\u00e9 de pollen, cette vari\u00e9t\u00e9 devient un v\u00e9ritable atout biodiversit\u00e9, attirant de nombreux insectes butineurs dans votre jardin.<\/p>\n<p>Le <strong>Dahlia Sienna and Black Bio<\/strong>, avec ses origines en Am\u00e9rique centrale et au Mexique, ajoute une touche vibrante \u00e0 votre espace ext\u00e9rieur. D\u00e9couvrez notre s\u00e9lection exclusive pour donner vie \u00e0 votre jardin avec cette vari\u00e9t\u00e9 exceptionnelle !<\/p>\n<p>Et pour en savoir plus sur l&#8217;histoire fascinante du dahlia, plante autrefois utilis\u00e9e par les Azt\u00e8ques comme aliment, import\u00e9e en Europe au 18\u00e8me si\u00e8cle en vain pour remplacer la pomme de terre, mais devenue depuis un joyau d\u00e9coratif incontournable, explorez notre gamme compl\u00e8te de plus de quarante mille vari\u00e9t\u00e9s hybrides. Le genre dahlia offre une diversit\u00e9 fantastique de formes, de hauteurs et de coloris, tout en laissant place \u00e0 l&#8217;imagination pour le parfum et m\u00eame le pigment bleu pour compl\u00e9ter la palette de couleurs !<\/p>\n","protected":false},"excerpt":{"rendered":"<p style=\"text-align: justify;\">Le<strong>\u00a0Dahlia nain simple Sienna and Black Bio<\/strong>\u00a0est un Dahlia p\u00e9tillant, qui produit des fleurs resplendissantes de 9 cm de diam\u00e8tre environ, d&#8217;un bel orange vermillon tr\u00e8s lumineux, sublim\u00e9es par un feuillage et des tiges sombres, presque noirs. S\u00e9lectionn\u00e9e gr\u00e2ce \u00e0 sa couleur, cette cr\u00e9ation Ernest Turc de 70 cm de hauteur ressemble \u00e0 s\u2019y m\u00e9prendre au coquelicot lorsque le soleil vient illuminer ses p\u00e9tales l\u2019\u00e9t\u00e9. Comme avec les Dahlias &#8216;Bright and Black&#8217;, &#8216;Nirvana&#8217; ou encore &#8216;Pampa&#8217;, le contraste form\u00e9 entre sa fleur et son feuillage permet de cr\u00e9er des massifs originaux, mais aussi de sublimer vos balcons et terrasses si vous souhaitez le cultiver dans un grand pot. Avec son coeur apparent charg\u00e9 de pollen, cette vari\u00e9t\u00e9 sera un r\u00e9el atout biodiversit\u00e9 qui attirera de nombreux insectes butineurs dans votre jardin.<\/p>\n","protected":false},"featured_media":8823,"template":"","meta":{"_relevanssi_hide_post":"","_relevanssi_hide_content":"","_relevanssi_pin_for_all":"","_relevanssi_pin_keywords":"","_relevanssi_unpin_keywords":"","_relevanssi_related_keywords":"","_relevanssi_related_include_ids":"","_relevanssi_related_exclude_ids":"","_relevanssi_related_no_append":"","_relevanssi_related_not_related":"","_relevanssi_related_posts":"","_relevanssi_noindex_reason":""},"product_brand":[],"product_cat":[225,1609,179,180,1611,212,737,1612,215,2218,1607,1608,1256,1592,1591,183,182],"product_tag":[960,831,1258,1405,1406,1842,417],"class_list":{"0":"post-8821","1":"product","2":"type-product","3":"status-publish","4":"has-post-thumbnail","6":"product_cat-bio","7":"product_cat-bouquets","8":"product_cat-bulbes","9":"product_cat-fleurs","10":"product_cat-bulbes-bio","11":"product_cat-theme","12":"product_cat-dahlia","13":"product_cat-dahlias-bio","14":"product_cat-feuillage-decoratif","15":"product_cat-fleurs-orange","16":"product_cat-fleurs-simples","17":"product_cat-label-fleurs-de-france","18":"product_cat-nains","19":"product_cat-plante-melliferes","20":"product_cat-plante-pot","21":"product_cat-ete","22":"product_cat-saison","23":"product_tag-creation-ernest-turc","24":"product_tag-dahlia-bio","25":"product_tag-dahlia-feuillage-noir","26":"product_tag-dahlia-nain-simple-bio","27":"product_tag-dahlia-sienna-black","28":"product_tag-feuillage-et-des-tiges-sombres","29":"product_tag-fleurs-bio","30":"pa_bio-logo-ab-oui","31":"pa_calibre-i","32":"pa_conditionnement-734","33":"pa_conditionnement-1443","34":"pa_couleur-orange","35":"pa_couleur-de-feuillage-noir","36":"pa_disponibilite-de-fevrier-a-juin","37":"pa_exposition-ensoleillee","38":"pa_hauteur-de-la-plante-70-cm","39":"pa_logo-fleurs-de-france-oui","40":"pa_melliferes-oui","41":"pa_periode-de-recolte-floraison-aout","42":"pa_periode-de-recolte-floraison-juillet","43":"pa_periode-de-recolte-floraison-novembre","44":"pa_periode-de-recolte-floraison-octobre","45":"pa_periode-de-recolte-floraison-septembre","46":"pa_periode-de-semis-plantation-avril","47":"pa_periode-de-semis-plantation-mai","48":"pa_periode-de-semis-plantation-mars","49":"pa_rusticite-craint-le-gel","50":"pa_utilisation-bordure","51":"pa_utilisation-fleur-coupee","52":"pa_utilisation-massif","53":"pa_utilisation-pot","55":"first","56":"outofstock","57":"taxable","58":"shipping-taxable","59":"purchasable","60":"product-type-variable","61":"has-default-attributes"},"bundled_by":[],"bundle_stock_status":"outofstock","bundle_stock_quantity":0,"bundle_virtual":false,"bundle_layout":"","bundle_add_to_cart_form_location":"","bundle_editable_in_cart":false,"bundle_sold_individually_context":"","bundle_item_grouping":"","bundle_min_size":"","bundle_max_size":"","bundled_items":[],"bundle_sell_ids":[],"yoast_head":"<!-- This site is optimized with the Yoast SEO Premium plugin v25.2 (Yoast SEO v27.5) - https:\/\/yoast.com\/product\/yoast-seo-premium-wordpress\/ -->\n<title>Dahlia Nain Simple Sienna &amp; Black Bio - Ernest TURC<\/title>\n<meta name=\"description\" content=\"Le Dahlia nain Simple Sienna &amp; Black Bio est une cr\u00e9ation Ernest Turc, produisant des fleurs sublim\u00e9es par un feuillage noir.\" \/>\n<meta name=\"robots\" content=\"index, follow, max-snippet:-1, max-image-preview:large, max-video-preview:-1\" \/>\n<link rel=\"canonical\" href=\"https:\/\/www.ernest-turc.com\/boutique\/produits\/bulbes\/fleurs\/dahlia\/fleurs-simples\/dahlia-nain-simple-sienna-black-bio\/\" \/>\n<meta property=\"og:locale\" content=\"fr_FR\" \/>\n<meta property=\"og:type\" content=\"article\" \/>\n<meta property=\"og:title\" content=\"Dahlia Nain Simple Sienna &amp; Black Bio: 9 cm de Diam\u00e8tre Resplendissant\" \/>\n<meta property=\"og:description\" content=\"Trouvez le\u00a0Dahlia nain simple Sienna &amp; Black Bio\u00a0et ses fleurs orang\u00e9es et lumineuses. Offrant une hauteur de 70cm, fa\u00eetes-le v\u00f4tre d\u00e8s aujourd&#039;hui \ud83e\udd29\" \/>\n<meta property=\"og:url\" content=\"https:\/\/www.ernest-turc.com\/boutique\/produits\/bulbes\/fleurs\/dahlia\/fleurs-simples\/dahlia-nain-simple-sienna-black-bio\/\" \/>\n<meta property=\"og:site_name\" content=\"Ernest TURC\" \/>\n<meta property=\"article:publisher\" content=\"https:\/\/www.facebook.com\/ErnestTURC49\" \/>\n<meta property=\"article:modified_time\" content=\"2026-02-12T10:26:30+00:00\" \/>\n<meta property=\"og:image\" content=\"https:\/\/www.ernest-turc.com\/boutique\/wp-content\/uploads\/2021\/01\/dahlia-nain-simple-sienna-black-bio.jpg\" \/>\n\t<meta property=\"og:image:width\" content=\"800\" \/>\n\t<meta property=\"og:image:height\" content=\"800\" \/>\n\t<meta property=\"og:image:type\" content=\"image\/jpeg\" \/>\n<meta name=\"twitter:card\" content=\"summary_large_image\" \/>\n<meta name=\"twitter:title\" content=\"Dahlia Nain Simple Sienna &amp; Black Bio - La cr\u00e9ation Ernest Turc lumineuse\" \/>\n<meta name=\"twitter:description\" content=\"Sublimez votre jardin avec le Dahlia nain Simple Sienna &amp; Black Bio! Un Dahlia \u00e9clatant, \u00e0 fleur de 9cm, pour votre plus grand plaisir. \ud83c\udf3c\" \/>\n<meta name=\"twitter:label1\" content=\"Disponibilit\u00e9\" \/>\n\t<meta name=\"twitter:data1\" content=\"Rupture de stock\" \/>\n<script type=\"application\/ld+json\" class=\"yoast-schema-graph\">{\"@context\":\"https:\\\/\\\/schema.org\",\"@graph\":[{\"@type\":\"WebPage\",\"@id\":\"https:\\\/\\\/www.ernest-turc.com\\\/boutique\\\/produits\\\/bulbes\\\/fleurs\\\/dahlia\\\/fleurs-simples\\\/dahlia-nain-simple-sienna-black-bio\\\/\",\"url\":\"https:\\\/\\\/www.ernest-turc.com\\\/boutique\\\/produits\\\/bulbes\\\/fleurs\\\/dahlia\\\/fleurs-simples\\\/dahlia-nain-simple-sienna-black-bio\\\/\",\"name\":\"Dahlia Nain Simple Sienna & Black Bio - Ernest TURC\",\"isPartOf\":{\"@id\":\"https:\\\/\\\/www.ernest-turc.com\\\/boutique\\\/#website\"},\"primaryImageOfPage\":{\"@id\":\"https:\\\/\\\/www.ernest-turc.com\\\/boutique\\\/produits\\\/bulbes\\\/fleurs\\\/dahlia\\\/fleurs-simples\\\/dahlia-nain-simple-sienna-black-bio\\\/#primaryimage\"},\"image\":{\"@id\":\"https:\\\/\\\/www.ernest-turc.com\\\/boutique\\\/produits\\\/bulbes\\\/fleurs\\\/dahlia\\\/fleurs-simples\\\/dahlia-nain-simple-sienna-black-bio\\\/#primaryimage\"},\"thumbnailUrl\":\"https:\\\/\\\/www.ernest-turc.com\\\/boutique\\\/wp-content\\\/uploads\\\/2021\\\/01\\\/dahlia-nain-simple-sienna-black-bio.jpg\",\"datePublished\":\"2021-03-18T11:03:00+00:00\",\"dateModified\":\"2026-02-12T10:26:30+00:00\",\"description\":\"Le Dahlia nain Simple Sienna & Black Bio est une cr\u00e9ation Ernest Turc, produisant des fleurs sublim\u00e9es par un feuillage noir.\",\"breadcrumb\":{\"@id\":\"https:\\\/\\\/www.ernest-turc.com\\\/boutique\\\/produits\\\/bulbes\\\/fleurs\\\/dahlia\\\/fleurs-simples\\\/dahlia-nain-simple-sienna-black-bio\\\/#breadcrumb\"},\"inLanguage\":\"fr-FR\",\"potentialAction\":[{\"@type\":\"ReadAction\",\"target\":[\"https:\\\/\\\/www.ernest-turc.com\\\/boutique\\\/produits\\\/bulbes\\\/fleurs\\\/dahlia\\\/fleurs-simples\\\/dahlia-nain-simple-sienna-black-bio\\\/\"]}]},{\"@type\":\"ImageObject\",\"inLanguage\":\"fr-FR\",\"@id\":\"https:\\\/\\\/www.ernest-turc.com\\\/boutique\\\/produits\\\/bulbes\\\/fleurs\\\/dahlia\\\/fleurs-simples\\\/dahlia-nain-simple-sienna-black-bio\\\/#primaryimage\",\"url\":\"https:\\\/\\\/www.ernest-turc.com\\\/boutique\\\/wp-content\\\/uploads\\\/2021\\\/01\\\/dahlia-nain-simple-sienna-black-bio.jpg\",\"contentUrl\":\"https:\\\/\\\/www.ernest-turc.com\\\/boutique\\\/wp-content\\\/uploads\\\/2021\\\/01\\\/dahlia-nain-simple-sienna-black-bio.jpg\",\"width\":800,\"height\":800,\"caption\":\"Fleur Dahlia Nain Simple Sienna & Black Bio\"},{\"@type\":\"BreadcrumbList\",\"@id\":\"https:\\\/\\\/www.ernest-turc.com\\\/boutique\\\/produits\\\/bulbes\\\/fleurs\\\/dahlia\\\/fleurs-simples\\\/dahlia-nain-simple-sienna-black-bio\\\/#breadcrumb\",\"itemListElement\":[{\"@type\":\"ListItem\",\"position\":1,\"name\":\"Accueil\",\"item\":\"https:\\\/\\\/www.ernest-turc.com\\\/boutique\\\/\"},{\"@type\":\"ListItem\",\"position\":2,\"name\":\"Boutique\",\"item\":\"https:\\\/\\\/www.ernest-turc.fr\\\/boutique\\\/produits\\\/\"},{\"@type\":\"ListItem\",\"position\":3,\"name\":\"Dahlia Nain Simple Sienna &#038; Black Bio\"}]},{\"@type\":\"WebSite\",\"@id\":\"https:\\\/\\\/www.ernest-turc.com\\\/boutique\\\/#website\",\"url\":\"https:\\\/\\\/www.ernest-turc.com\\\/boutique\\\/\",\"name\":\"Ernest TURC\",\"description\":\"\",\"publisher\":{\"@id\":\"https:\\\/\\\/www.ernest-turc.com\\\/boutique\\\/#organization\"},\"potentialAction\":[{\"@type\":\"SearchAction\",\"target\":{\"@type\":\"EntryPoint\",\"urlTemplate\":\"https:\\\/\\\/www.ernest-turc.com\\\/boutique\\\/?s={search_term_string}\"},\"query-input\":{\"@type\":\"PropertyValueSpecification\",\"valueRequired\":true,\"valueName\":\"search_term_string\"}}],\"inLanguage\":\"fr-FR\"},{\"@type\":\"Organization\",\"@id\":\"https:\\\/\\\/www.ernest-turc.com\\\/boutique\\\/#organization\",\"name\":\"Boutique Ernest TURC\",\"alternateName\":\"Ernest TURC\",\"url\":\"https:\\\/\\\/www.ernest-turc.com\\\/boutique\\\/\",\"logo\":{\"@type\":\"ImageObject\",\"inLanguage\":\"fr-FR\",\"@id\":\"https:\\\/\\\/www.ernest-turc.com\\\/boutique\\\/#\\\/schema\\\/logo\\\/image\\\/\",\"url\":\"https:\\\/\\\/www.ernest-turc.com\\\/boutique\\\/wp-content\\\/uploads\\\/2020\\\/10\\\/logo.png\",\"contentUrl\":\"https:\\\/\\\/www.ernest-turc.com\\\/boutique\\\/wp-content\\\/uploads\\\/2020\\\/10\\\/logo.png\",\"width\":161,\"height\":161,\"caption\":\"Boutique Ernest TURC\"},\"image\":{\"@id\":\"https:\\\/\\\/www.ernest-turc.com\\\/boutique\\\/#\\\/schema\\\/logo\\\/image\\\/\"},\"sameAs\":[\"https:\\\/\\\/www.facebook.com\\\/ErnestTURC49\",\"https:\\\/\\\/www.instagram.com\\\/ernestturc\",\"https:\\\/\\\/www.linkedin.com\\\/company\\\/ernest-turc\\\/\",\"https:\\\/\\\/www.pinterest.fr\\\/ernestturc\",\"https:\\\/\\\/www.youtube.com\\\/channel\\\/UCH3ntWhy3mdcqw9-xF6pmEQ\"]}]}<\/script>\n<meta property=\"og:availability\" content=\"out of stock\" \/>\n<meta property=\"product:availability\" content=\"out of stock\" \/>\n<meta property=\"product:retailer_item_id\" content=\"159000\" \/>\n<meta property=\"product:condition\" content=\"new\" \/>\n<!-- \/ Yoast SEO Premium plugin. -->","yoast_head_json":{"title":"Dahlia Nain Simple Sienna & Black Bio - Ernest TURC","description":"Le Dahlia nain Simple Sienna & Black Bio est une cr\u00e9ation Ernest Turc, produisant des fleurs sublim\u00e9es par un feuillage noir.","robots":{"index":"index","follow":"follow","max-snippet":"max-snippet:-1","max-image-preview":"max-image-preview:large","max-video-preview":"max-video-preview:-1"},"canonical":"https:\/\/www.ernest-turc.com\/boutique\/produits\/bulbes\/fleurs\/dahlia\/fleurs-simples\/dahlia-nain-simple-sienna-black-bio\/","og_locale":"fr_FR","og_type":"article","og_title":"Dahlia Nain Simple Sienna & Black Bio: 9 cm de Diam\u00e8tre Resplendissant","og_description":"Trouvez le\u00a0Dahlia nain simple Sienna & Black Bio\u00a0et ses fleurs orang\u00e9es et lumineuses. Offrant une hauteur de 70cm, fa\u00eetes-le v\u00f4tre d\u00e8s aujourd'hui \ud83e\udd29","og_url":"https:\/\/www.ernest-turc.com\/boutique\/produits\/bulbes\/fleurs\/dahlia\/fleurs-simples\/dahlia-nain-simple-sienna-black-bio\/","og_site_name":"Ernest TURC","article_publisher":"https:\/\/www.facebook.com\/ErnestTURC49","article_modified_time":"2026-02-12T10:26:30+00:00","og_image":[{"width":800,"height":800,"url":"https:\/\/www.ernest-turc.com\/boutique\/wp-content\/uploads\/2021\/01\/dahlia-nain-simple-sienna-black-bio.jpg","type":"image\/jpeg"}],"twitter_card":"summary_large_image","twitter_title":"Dahlia Nain Simple Sienna & Black Bio - La cr\u00e9ation Ernest Turc lumineuse","twitter_description":"Sublimez votre jardin avec le Dahlia nain Simple Sienna & Black Bio! Un Dahlia \u00e9clatant, \u00e0 fleur de 9cm, pour votre plus grand plaisir. \ud83c\udf3c","twitter_misc":{"Disponibilit\u00e9":"Rupture de stock"},"schema":{"@context":"https:\/\/schema.org","@graph":[{"@type":"WebPage","@id":"https:\/\/www.ernest-turc.com\/boutique\/produits\/bulbes\/fleurs\/dahlia\/fleurs-simples\/dahlia-nain-simple-sienna-black-bio\/","url":"https:\/\/www.ernest-turc.com\/boutique\/produits\/bulbes\/fleurs\/dahlia\/fleurs-simples\/dahlia-nain-simple-sienna-black-bio\/","name":"Dahlia Nain Simple Sienna & Black Bio - Ernest TURC","isPartOf":{"@id":"https:\/\/www.ernest-turc.com\/boutique\/#website"},"primaryImageOfPage":{"@id":"https:\/\/www.ernest-turc.com\/boutique\/produits\/bulbes\/fleurs\/dahlia\/fleurs-simples\/dahlia-nain-simple-sienna-black-bio\/#primaryimage"},"image":{"@id":"https:\/\/www.ernest-turc.com\/boutique\/produits\/bulbes\/fleurs\/dahlia\/fleurs-simples\/dahlia-nain-simple-sienna-black-bio\/#primaryimage"},"thumbnailUrl":"https:\/\/www.ernest-turc.com\/boutique\/wp-content\/uploads\/2021\/01\/dahlia-nain-simple-sienna-black-bio.jpg","datePublished":"2021-03-18T11:03:00+00:00","dateModified":"2026-02-12T10:26:30+00:00","description":"Le Dahlia nain Simple Sienna & Black Bio est une cr\u00e9ation Ernest Turc, produisant des fleurs sublim\u00e9es par un feuillage noir.","breadcrumb":{"@id":"https:\/\/www.ernest-turc.com\/boutique\/produits\/bulbes\/fleurs\/dahlia\/fleurs-simples\/dahlia-nain-simple-sienna-black-bio\/#breadcrumb"},"inLanguage":"fr-FR","potentialAction":[{"@type":"ReadAction","target":["https:\/\/www.ernest-turc.com\/boutique\/produits\/bulbes\/fleurs\/dahlia\/fleurs-simples\/dahlia-nain-simple-sienna-black-bio\/"]}]},{"@type":"ImageObject","inLanguage":"fr-FR","@id":"https:\/\/www.ernest-turc.com\/boutique\/produits\/bulbes\/fleurs\/dahlia\/fleurs-simples\/dahlia-nain-simple-sienna-black-bio\/#primaryimage","url":"https:\/\/www.ernest-turc.com\/boutique\/wp-content\/uploads\/2021\/01\/dahlia-nain-simple-sienna-black-bio.jpg","contentUrl":"https:\/\/www.ernest-turc.com\/boutique\/wp-content\/uploads\/2021\/01\/dahlia-nain-simple-sienna-black-bio.jpg","width":800,"height":800,"caption":"Fleur Dahlia Nain Simple Sienna & Black Bio"},{"@type":"BreadcrumbList","@id":"https:\/\/www.ernest-turc.com\/boutique\/produits\/bulbes\/fleurs\/dahlia\/fleurs-simples\/dahlia-nain-simple-sienna-black-bio\/#breadcrumb","itemListElement":[{"@type":"ListItem","position":1,"name":"Accueil","item":"https:\/\/www.ernest-turc.com\/boutique\/"},{"@type":"ListItem","position":2,"name":"Boutique","item":"https:\/\/www.ernest-turc.fr\/boutique\/produits\/"},{"@type":"ListItem","position":3,"name":"Dahlia Nain Simple Sienna &#038; Black Bio"}]},{"@type":"WebSite","@id":"https:\/\/www.ernest-turc.com\/boutique\/#website","url":"https:\/\/www.ernest-turc.com\/boutique\/","name":"Ernest TURC","description":"","publisher":{"@id":"https:\/\/www.ernest-turc.com\/boutique\/#organization"},"potentialAction":[{"@type":"SearchAction","target":{"@type":"EntryPoint","urlTemplate":"https:\/\/www.ernest-turc.com\/boutique\/?s={search_term_string}"},"query-input":{"@type":"PropertyValueSpecification","valueRequired":true,"valueName":"search_term_string"}}],"inLanguage":"fr-FR"},{"@type":"Organization","@id":"https:\/\/www.ernest-turc.com\/boutique\/#organization","name":"Boutique Ernest TURC","alternateName":"Ernest TURC","url":"https:\/\/www.ernest-turc.com\/boutique\/","logo":{"@type":"ImageObject","inLanguage":"fr-FR","@id":"https:\/\/www.ernest-turc.com\/boutique\/#\/schema\/logo\/image\/","url":"https:\/\/www.ernest-turc.com\/boutique\/wp-content\/uploads\/2020\/10\/logo.png","contentUrl":"https:\/\/www.ernest-turc.com\/boutique\/wp-content\/uploads\/2020\/10\/logo.png","width":161,"height":161,"caption":"Boutique Ernest TURC"},"image":{"@id":"https:\/\/www.ernest-turc.com\/boutique\/#\/schema\/logo\/image\/"},"sameAs":["https:\/\/www.facebook.com\/ErnestTURC49","https:\/\/www.instagram.com\/ernestturc","https:\/\/www.linkedin.com\/company\/ernest-turc\/","https:\/\/www.pinterest.fr\/ernestturc","https:\/\/www.youtube.com\/channel\/UCH3ntWhy3mdcqw9-xF6pmEQ"]}]},"og_availability":"out of stock","product_availability":"out of stock","product_retailer_item_id":"159000","product_condition":"new"},"_links":{"self":[{"href":"https:\/\/www.ernest-turc.com\/boutique\/wp-json\/wp\/v2\/product\/8821","targetHints":{"allow":["GET"]}}],"collection":[{"href":"https:\/\/www.ernest-turc.com\/boutique\/wp-json\/wp\/v2\/product"}],"about":[{"href":"https:\/\/www.ernest-turc.com\/boutique\/wp-json\/wp\/v2\/types\/product"}],"wp:featuredmedia":[{"embeddable":true,"href":"https:\/\/www.ernest-turc.com\/boutique\/wp-json\/wp\/v2\/media\/8823"}],"wp:attachment":[{"href":"https:\/\/www.ernest-turc.com\/boutique\/wp-json\/wp\/v2\/media?parent=8821"}],"wp:term":[{"taxonomy":"product_brand","embeddable":true,"href":"https:\/\/www.ernest-turc.com\/boutique\/wp-json\/wp\/v2\/product_brand?post=8821"},{"taxonomy":"product_cat","embeddable":true,"href":"https:\/\/www.ernest-turc.com\/boutique\/wp-json\/wp\/v2\/product_cat?post=8821"},{"taxonomy":"product_tag","embeddable":true,"href":"https:\/\/www.ernest-turc.com\/boutique\/wp-json\/wp\/v2\/product_tag?post=8821"}],"curies":[{"name":"wp","href":"https:\/\/api.w.org\/{rel}","templated":true}]}}