{"id":30735,"date":"2023-12-20T15:38:11","date_gmt":"2023-12-20T15:38:11","guid":{"rendered":"https:\/\/www.ernest-turc.com\/boutique\/?post_type=product&#038;p=30735"},"modified":"2026-05-12T08:16:50","modified_gmt":"2026-05-12T08:16:50","slug":"mon-kit-andalousie","status":"publish","type":"product","link":"https:\/\/www.ernest-turc.com\/boutique\/produits\/bulbes\/saison\/mon-kit-andalousie\/","title":{"rendered":"Assortiment de dahlias Andalousie"},"content":{"rendered":"<h2 data-sourcepos=\"1:1-1:77\">Assortiment de dahlias Andalousie<\/h2>\n<h3 data-sourcepos=\"1:1-1:77\">4 touches de soleil pour votre jardin !<\/h3>\n<p data-sourcepos=\"3:1-3:199\"><strong>Transportez votre jardin en Andalousie<\/strong> avec l&#8217;Assortiment de dahlias Andalousie, une s\u00e9lection de <strong>4 bulbes aux couleurs chaudes et flamboyantes<\/strong> qui \u00e9voquent l&#8217;esprit vibrant de cette r\u00e9gion.<\/p>\n<p data-sourcepos=\"5:1-5:305\"><strong>Parfaite pour les jardiniers en manque d&#8217;inspiration<\/strong>, cette collection de dahlias <strong>faciles \u00e0 cultiver<\/strong> est id\u00e9ale pour les massifs et les bouquets. Laissez-vous envo\u00fbter par la beaut\u00e9 et la diversit\u00e9 de ces fleurs spectaculaires qui <strong>illumineront votre espace ext\u00e9rieur d&#8217;une lumi\u00e8re m\u00e9ridionale<\/strong>.<\/p>\n<p data-sourcepos=\"14:1-14:101\"><strong>Cr\u00e9ez un jardin digne des plus beaux paysages andalous<\/strong>.<\/p>\n<p data-sourcepos=\"16:1-16:105\"><strong>Commandez votre kit d\u00e8s aujourd&#8217;hui et offrez \u00e0 votre espace ext\u00e9rieur une m\u00e9tamorphose ensoleill\u00e9e !<\/strong><\/p>\n","protected":false},"excerpt":{"rendered":"<p data-sourcepos=\"3:1-3:43\"><strong>Cr\u00e9ez un jardin flamboyant<\/strong> \u00e0 l&#8217;image de l&#8217;Andalousie avec cet assortiment de 4 dahlias aux <strong>couleurs chaudes et vibrantes<\/strong>.<\/p>\n<p data-sourcepos=\"5:1-5:22\"><strong>Facile \u00e0 cultiver<\/strong>, ce m\u00e9lange est id\u00e9al pour les massifs et les bouquets. Laissez-vous envo\u00fbter par la beaut\u00e9 et la diversit\u00e9 de ces fleurs spectaculaires qui <strong>illumineront votre espace ext\u00e9rieur<\/strong> d&#8217;une lumi\u00e8re m\u00e9ridionale.<\/p>\n<p data-sourcepos=\"7:1-7:66\"><strong>Commandez votre kit d\u00e8s aujourd&#8217;hui et offrez \u00e0 votre jardin une m\u00e9tamorphose ensoleill\u00e9e !<\/strong><\/p>\n","protected":false},"featured_media":31218,"template":"","meta":{"_relevanssi_hide_post":"","_relevanssi_hide_content":"","_relevanssi_pin_for_all":"","_relevanssi_pin_keywords":"","_relevanssi_unpin_keywords":"","_relevanssi_related_keywords":"","_relevanssi_related_include_ids":"","_relevanssi_related_exclude_ids":"","_relevanssi_related_no_append":"","_relevanssi_related_not_related":"","_relevanssi_related_posts":"","_relevanssi_noindex_reason":""},"product_brand":[],"product_cat":[1615,1644,1783,183,182],"product_tag":[],"class_list":{"0":"post-30735","1":"product","2":"type-product","3":"status-publish","4":"has-post-thumbnail","6":"product_cat-assortiments","7":"product_cat-collections","8":"product_cat-nos-coups-de-coeur","9":"product_cat-ete","10":"product_cat-saison","11":"pa_conditionnement-1787","12":"pa_couleur-multicolore","13":"pa_couleur-de-feuillage-vert","14":"pa_disponibilite-de-septembre-a-decembre","15":"pa_exposition-ensoleillee","16":"pa_hauteur-de-la-plante-100-a-120-cm","17":"pa_periode-de-recolte-floraison-aout","18":"pa_periode-de-recolte-floraison-juillet","19":"pa_periode-de-recolte-floraison-septembre","20":"pa_periode-de-semis-plantation-avril","21":"pa_periode-de-semis-plantation-mai","22":"pa_periode-de-semis-plantation-mars","23":"pa_rusticite-craint-le-gel","24":"pa_utilisation-bordure","25":"pa_utilisation-fleur-coupee","26":"pa_utilisation-massif","28":"first","29":"outofstock","30":"taxable","31":"shipping-taxable","32":"purchasable","33":"product-type-simple"},"bundled_by":[],"bundle_stock_status":"outofstock","bundle_stock_quantity":0,"bundle_virtual":false,"bundle_layout":"","bundle_add_to_cart_form_location":"","bundle_editable_in_cart":false,"bundle_sold_individually_context":"","bundle_item_grouping":"","bundle_min_size":"","bundle_max_size":"","bundled_items":[],"bundle_sell_ids":[],"yoast_head":"<!-- This site is optimized with the Yoast SEO Premium plugin v25.2 (Yoast SEO v27.5) - https:\/\/yoast.com\/product\/yoast-seo-premium-wordpress\/ -->\n<title>Coffret Assortiment de dahlias Andalousie - Ernest TURC<\/title>\n<meta name=\"description\" content=\"D\u00e9couvrez l&#039;Andalousie... Assortiment de dahlias Andalousie ! 4 bulbes faciles \u00e0 cultiver pour un jardin haut en couleurs !\" \/>\n<meta name=\"robots\" content=\"index, follow, max-snippet:-1, max-image-preview:large, max-video-preview:-1\" \/>\n<link rel=\"canonical\" href=\"https:\/\/www.ernest-turc.com\/boutique\/produits\/bulbes\/saison\/mon-kit-andalousie\/\" \/>\n<meta property=\"og:locale\" content=\"fr_FR\" \/>\n<meta property=\"og:type\" content=\"article\" \/>\n<meta property=\"og:title\" content=\"Assortiment de dahlias Andalousie, P\u00e9tillantes &amp; Chaleureuses\" \/>\n<meta property=\"og:description\" content=\"Achetez l&#039;Assortiment de dahlias Andalousie et transmettez le go\u00fbt d&#039;une lumi\u00e8re m\u00e9ridionale \u00e0 votre jardin \ud83c\udf1e!\" \/>\n<meta property=\"og:url\" content=\"https:\/\/www.ernest-turc.com\/boutique\/produits\/bulbes\/saison\/mon-kit-andalousie\/\" \/>\n<meta property=\"og:site_name\" content=\"Ernest TURC\" \/>\n<meta property=\"article:publisher\" content=\"https:\/\/www.facebook.com\/ErnestTURC49\" \/>\n<meta property=\"article:modified_time\" content=\"2026-05-12T08:16:50+00:00\" \/>\n<meta property=\"og:image\" content=\"https:\/\/www.ernest-turc.com\/boutique\/wp-content\/uploads\/2023\/12\/abdalousie.jpg\" \/>\n\t<meta property=\"og:image:width\" content=\"800\" \/>\n\t<meta property=\"og:image:height\" content=\"800\" \/>\n\t<meta property=\"og:image:type\" content=\"image\/jpeg\" \/>\n<meta name=\"twitter:card\" content=\"summary_large_image\" \/>\n<meta name=\"twitter:title\" content=\"Assortiment de dahlias Andalousie: 4 Bulbes Flamboyants\" \/>\n<meta name=\"twitter:description\" content=\"Votre jardin en Andalousie avec l&#039;Assortiment de dahlias Andalousie! Des couleurs flamboyantes et 4 vari\u00e9t\u00e9s faciles \u00e0 cultiver \ud83c\udf3a\" \/>\n<meta name=\"twitter:label1\" content=\"Prix\" \/>\n\t<meta name=\"twitter:data1\" content=\"11,90&euro;TTCTTC\" \/>\n\t<meta name=\"twitter:label2\" content=\"Disponibilit\u00e9\" \/>\n\t<meta name=\"twitter:data2\" content=\"Rupture de stock\" \/>\n<script type=\"application\/ld+json\" class=\"yoast-schema-graph\">{\"@context\":\"https:\\\/\\\/schema.org\",\"@graph\":[{\"@type\":\"WebPage\",\"@id\":\"https:\\\/\\\/www.ernest-turc.com\\\/boutique\\\/produits\\\/bulbes\\\/saison\\\/mon-kit-andalousie\\\/\",\"url\":\"https:\\\/\\\/www.ernest-turc.com\\\/boutique\\\/produits\\\/bulbes\\\/saison\\\/mon-kit-andalousie\\\/\",\"name\":\"Coffret Assortiment de dahlias Andalousie - Ernest TURC\",\"isPartOf\":{\"@id\":\"https:\\\/\\\/www.ernest-turc.com\\\/boutique\\\/#website\"},\"primaryImageOfPage\":{\"@id\":\"https:\\\/\\\/www.ernest-turc.com\\\/boutique\\\/produits\\\/bulbes\\\/saison\\\/mon-kit-andalousie\\\/#primaryimage\"},\"image\":{\"@id\":\"https:\\\/\\\/www.ernest-turc.com\\\/boutique\\\/produits\\\/bulbes\\\/saison\\\/mon-kit-andalousie\\\/#primaryimage\"},\"thumbnailUrl\":\"https:\\\/\\\/www.ernest-turc.com\\\/boutique\\\/wp-content\\\/uploads\\\/2023\\\/12\\\/abdalousie.jpg\",\"datePublished\":\"2023-12-20T15:38:11+00:00\",\"dateModified\":\"2026-05-12T08:16:50+00:00\",\"description\":\"D\u00e9couvrez l'Andalousie... Assortiment de dahlias Andalousie ! 4 bulbes faciles \u00e0 cultiver pour un jardin haut en couleurs !\",\"breadcrumb\":{\"@id\":\"https:\\\/\\\/www.ernest-turc.com\\\/boutique\\\/produits\\\/bulbes\\\/saison\\\/mon-kit-andalousie\\\/#breadcrumb\"},\"inLanguage\":\"fr-FR\",\"potentialAction\":[{\"@type\":\"ReadAction\",\"target\":[\"https:\\\/\\\/www.ernest-turc.com\\\/boutique\\\/produits\\\/bulbes\\\/saison\\\/mon-kit-andalousie\\\/\"]}]},{\"@type\":\"ImageObject\",\"inLanguage\":\"fr-FR\",\"@id\":\"https:\\\/\\\/www.ernest-turc.com\\\/boutique\\\/produits\\\/bulbes\\\/saison\\\/mon-kit-andalousie\\\/#primaryimage\",\"url\":\"https:\\\/\\\/www.ernest-turc.com\\\/boutique\\\/wp-content\\\/uploads\\\/2023\\\/12\\\/abdalousie.jpg\",\"contentUrl\":\"https:\\\/\\\/www.ernest-turc.com\\\/boutique\\\/wp-content\\\/uploads\\\/2023\\\/12\\\/abdalousie.jpg\",\"width\":800,\"height\":800,\"caption\":\"Assortiment de dahlias Andalousie: 4 touches de soleil pour votre jardin\"},{\"@type\":\"BreadcrumbList\",\"@id\":\"https:\\\/\\\/www.ernest-turc.com\\\/boutique\\\/produits\\\/bulbes\\\/saison\\\/mon-kit-andalousie\\\/#breadcrumb\",\"itemListElement\":[{\"@type\":\"ListItem\",\"position\":1,\"name\":\"Accueil\",\"item\":\"https:\\\/\\\/www.ernest-turc.com\\\/boutique\\\/\"},{\"@type\":\"ListItem\",\"position\":2,\"name\":\"Boutique\",\"item\":\"https:\\\/\\\/www.ernest-turc.fr\\\/boutique\\\/produits\\\/\"},{\"@type\":\"ListItem\",\"position\":3,\"name\":\"Assortiment de dahlias Andalousie\"}]},{\"@type\":\"WebSite\",\"@id\":\"https:\\\/\\\/www.ernest-turc.com\\\/boutique\\\/#website\",\"url\":\"https:\\\/\\\/www.ernest-turc.com\\\/boutique\\\/\",\"name\":\"Ernest TURC\",\"description\":\"\",\"publisher\":{\"@id\":\"https:\\\/\\\/www.ernest-turc.com\\\/boutique\\\/#organization\"},\"potentialAction\":[{\"@type\":\"SearchAction\",\"target\":{\"@type\":\"EntryPoint\",\"urlTemplate\":\"https:\\\/\\\/www.ernest-turc.com\\\/boutique\\\/?s={search_term_string}\"},\"query-input\":{\"@type\":\"PropertyValueSpecification\",\"valueRequired\":true,\"valueName\":\"search_term_string\"}}],\"inLanguage\":\"fr-FR\"},{\"@type\":\"Organization\",\"@id\":\"https:\\\/\\\/www.ernest-turc.com\\\/boutique\\\/#organization\",\"name\":\"Boutique Ernest TURC\",\"alternateName\":\"Ernest TURC\",\"url\":\"https:\\\/\\\/www.ernest-turc.com\\\/boutique\\\/\",\"logo\":{\"@type\":\"ImageObject\",\"inLanguage\":\"fr-FR\",\"@id\":\"https:\\\/\\\/www.ernest-turc.com\\\/boutique\\\/#\\\/schema\\\/logo\\\/image\\\/\",\"url\":\"https:\\\/\\\/www.ernest-turc.com\\\/boutique\\\/wp-content\\\/uploads\\\/2020\\\/10\\\/logo.png\",\"contentUrl\":\"https:\\\/\\\/www.ernest-turc.com\\\/boutique\\\/wp-content\\\/uploads\\\/2020\\\/10\\\/logo.png\",\"width\":161,\"height\":161,\"caption\":\"Boutique Ernest TURC\"},\"image\":{\"@id\":\"https:\\\/\\\/www.ernest-turc.com\\\/boutique\\\/#\\\/schema\\\/logo\\\/image\\\/\"},\"sameAs\":[\"https:\\\/\\\/www.facebook.com\\\/ErnestTURC49\",\"https:\\\/\\\/www.instagram.com\\\/ernestturc\",\"https:\\\/\\\/www.linkedin.com\\\/company\\\/ernest-turc\\\/\",\"https:\\\/\\\/www.pinterest.fr\\\/ernestturc\",\"https:\\\/\\\/www.youtube.com\\\/channel\\\/UCH3ntWhy3mdcqw9-xF6pmEQ\"]}]}<\/script>\n<meta property=\"product:price:amount\" content=\"11.90\" \/>\n<meta property=\"product:price:currency\" content=\"EUR\" \/>\n<meta property=\"og:availability\" content=\"out of stock\" \/>\n<meta property=\"product:availability\" content=\"out of stock\" \/>\n<meta property=\"product:retailer_item_id\" content=\"958733\" \/>\n<meta property=\"product:condition\" content=\"new\" \/>\n<!-- \/ Yoast SEO Premium plugin. -->","yoast_head_json":{"title":"Coffret Assortiment de dahlias Andalousie - Ernest TURC","description":"D\u00e9couvrez l'Andalousie... Assortiment de dahlias Andalousie ! 4 bulbes faciles \u00e0 cultiver pour un jardin haut en couleurs !","robots":{"index":"index","follow":"follow","max-snippet":"max-snippet:-1","max-image-preview":"max-image-preview:large","max-video-preview":"max-video-preview:-1"},"canonical":"https:\/\/www.ernest-turc.com\/boutique\/produits\/bulbes\/saison\/mon-kit-andalousie\/","og_locale":"fr_FR","og_type":"article","og_title":"Assortiment de dahlias Andalousie, P\u00e9tillantes & Chaleureuses","og_description":"Achetez l'Assortiment de dahlias Andalousie et transmettez le go\u00fbt d'une lumi\u00e8re m\u00e9ridionale \u00e0 votre jardin \ud83c\udf1e!","og_url":"https:\/\/www.ernest-turc.com\/boutique\/produits\/bulbes\/saison\/mon-kit-andalousie\/","og_site_name":"Ernest TURC","article_publisher":"https:\/\/www.facebook.com\/ErnestTURC49","article_modified_time":"2026-05-12T08:16:50+00:00","og_image":[{"width":800,"height":800,"url":"https:\/\/www.ernest-turc.com\/boutique\/wp-content\/uploads\/2023\/12\/abdalousie.jpg","type":"image\/jpeg"}],"twitter_card":"summary_large_image","twitter_title":"Assortiment de dahlias Andalousie: 4 Bulbes Flamboyants","twitter_description":"Votre jardin en Andalousie avec l'Assortiment de dahlias Andalousie! Des couleurs flamboyantes et 4 vari\u00e9t\u00e9s faciles \u00e0 cultiver \ud83c\udf3a","twitter_misc":{"Prix":"11,90&euro;TTCTTC","Disponibilit\u00e9":"Rupture de stock"},"schema":{"@context":"https:\/\/schema.org","@graph":[{"@type":"WebPage","@id":"https:\/\/www.ernest-turc.com\/boutique\/produits\/bulbes\/saison\/mon-kit-andalousie\/","url":"https:\/\/www.ernest-turc.com\/boutique\/produits\/bulbes\/saison\/mon-kit-andalousie\/","name":"Coffret Assortiment de dahlias Andalousie - Ernest TURC","isPartOf":{"@id":"https:\/\/www.ernest-turc.com\/boutique\/#website"},"primaryImageOfPage":{"@id":"https:\/\/www.ernest-turc.com\/boutique\/produits\/bulbes\/saison\/mon-kit-andalousie\/#primaryimage"},"image":{"@id":"https:\/\/www.ernest-turc.com\/boutique\/produits\/bulbes\/saison\/mon-kit-andalousie\/#primaryimage"},"thumbnailUrl":"https:\/\/www.ernest-turc.com\/boutique\/wp-content\/uploads\/2023\/12\/abdalousie.jpg","datePublished":"2023-12-20T15:38:11+00:00","dateModified":"2026-05-12T08:16:50+00:00","description":"D\u00e9couvrez l'Andalousie... Assortiment de dahlias Andalousie ! 4 bulbes faciles \u00e0 cultiver pour un jardin haut en couleurs !","breadcrumb":{"@id":"https:\/\/www.ernest-turc.com\/boutique\/produits\/bulbes\/saison\/mon-kit-andalousie\/#breadcrumb"},"inLanguage":"fr-FR","potentialAction":[{"@type":"ReadAction","target":["https:\/\/www.ernest-turc.com\/boutique\/produits\/bulbes\/saison\/mon-kit-andalousie\/"]}]},{"@type":"ImageObject","inLanguage":"fr-FR","@id":"https:\/\/www.ernest-turc.com\/boutique\/produits\/bulbes\/saison\/mon-kit-andalousie\/#primaryimage","url":"https:\/\/www.ernest-turc.com\/boutique\/wp-content\/uploads\/2023\/12\/abdalousie.jpg","contentUrl":"https:\/\/www.ernest-turc.com\/boutique\/wp-content\/uploads\/2023\/12\/abdalousie.jpg","width":800,"height":800,"caption":"Assortiment de dahlias Andalousie: 4 touches de soleil pour votre jardin"},{"@type":"BreadcrumbList","@id":"https:\/\/www.ernest-turc.com\/boutique\/produits\/bulbes\/saison\/mon-kit-andalousie\/#breadcrumb","itemListElement":[{"@type":"ListItem","position":1,"name":"Accueil","item":"https:\/\/www.ernest-turc.com\/boutique\/"},{"@type":"ListItem","position":2,"name":"Boutique","item":"https:\/\/www.ernest-turc.fr\/boutique\/produits\/"},{"@type":"ListItem","position":3,"name":"Assortiment de dahlias Andalousie"}]},{"@type":"WebSite","@id":"https:\/\/www.ernest-turc.com\/boutique\/#website","url":"https:\/\/www.ernest-turc.com\/boutique\/","name":"Ernest TURC","description":"","publisher":{"@id":"https:\/\/www.ernest-turc.com\/boutique\/#organization"},"potentialAction":[{"@type":"SearchAction","target":{"@type":"EntryPoint","urlTemplate":"https:\/\/www.ernest-turc.com\/boutique\/?s={search_term_string}"},"query-input":{"@type":"PropertyValueSpecification","valueRequired":true,"valueName":"search_term_string"}}],"inLanguage":"fr-FR"},{"@type":"Organization","@id":"https:\/\/www.ernest-turc.com\/boutique\/#organization","name":"Boutique Ernest TURC","alternateName":"Ernest TURC","url":"https:\/\/www.ernest-turc.com\/boutique\/","logo":{"@type":"ImageObject","inLanguage":"fr-FR","@id":"https:\/\/www.ernest-turc.com\/boutique\/#\/schema\/logo\/image\/","url":"https:\/\/www.ernest-turc.com\/boutique\/wp-content\/uploads\/2020\/10\/logo.png","contentUrl":"https:\/\/www.ernest-turc.com\/boutique\/wp-content\/uploads\/2020\/10\/logo.png","width":161,"height":161,"caption":"Boutique Ernest TURC"},"image":{"@id":"https:\/\/www.ernest-turc.com\/boutique\/#\/schema\/logo\/image\/"},"sameAs":["https:\/\/www.facebook.com\/ErnestTURC49","https:\/\/www.instagram.com\/ernestturc","https:\/\/www.linkedin.com\/company\/ernest-turc\/","https:\/\/www.pinterest.fr\/ernestturc","https:\/\/www.youtube.com\/channel\/UCH3ntWhy3mdcqw9-xF6pmEQ"]}]},"product_price_amount":"11.90","product_price_currency":"EUR","og_availability":"out of stock","product_availability":"out of stock","product_retailer_item_id":"958733","product_condition":"new"},"_links":{"self":[{"href":"https:\/\/www.ernest-turc.com\/boutique\/wp-json\/wp\/v2\/product\/30735","targetHints":{"allow":["GET"]}}],"collection":[{"href":"https:\/\/www.ernest-turc.com\/boutique\/wp-json\/wp\/v2\/product"}],"about":[{"href":"https:\/\/www.ernest-turc.com\/boutique\/wp-json\/wp\/v2\/types\/product"}],"wp:featuredmedia":[{"embeddable":true,"href":"https:\/\/www.ernest-turc.com\/boutique\/wp-json\/wp\/v2\/media\/31218"}],"wp:attachment":[{"href":"https:\/\/www.ernest-turc.com\/boutique\/wp-json\/wp\/v2\/media?parent=30735"}],"wp:term":[{"taxonomy":"product_brand","embeddable":true,"href":"https:\/\/www.ernest-turc.com\/boutique\/wp-json\/wp\/v2\/product_brand?post=30735"},{"taxonomy":"product_cat","embeddable":true,"href":"https:\/\/www.ernest-turc.com\/boutique\/wp-json\/wp\/v2\/product_cat?post=30735"},{"taxonomy":"product_tag","embeddable":true,"href":"https:\/\/www.ernest-turc.com\/boutique\/wp-json\/wp\/v2\/product_tag?post=30735"}],"curies":[{"name":"wp","href":"https:\/\/api.w.org\/{rel}","templated":true}]}}